ulate the remainder when 10055 is divided by 260.
175
Calculate the remainder when 184068 is divided by 20.
8
What is the remainder when 3455215 is divided by 243?
241
Calculate the remainder when 31780 is divided by 11.
1
Calculate the remainder when 4856 is divided by 411.
335
Calculate the remainder when 7878 is divided by 526.
514
Calculate the remainder when 7117 is divided by 48.
13
What is the remainder when 2156 is divided by 715?
11
Calculate the remainder when 2021374 is divided by 84.
82
What is the remainder when 183681 is divided by 106?
89
What is the remainder when 1045 is divided by 234?
109
What is the remainder when 33709 is divided by 103?
28
What is the remainder when 324504 is divided by 1119?
1113
Calculate the remainder when 14187 is divided by 63.
12
What is the remainder when 27354 is divided by 158?
20
Calculate the remainder when 862 is divided by 216.
214
What is the remainder when 31112 is divided by 15422?
268
What is the remainder when 4218 is divided by 2010?
198
Calculate the remainder when 1459 is divided by 80.
19
Calculate the remainder when 866 is divided by 94.
20
Calculate the remainder when 411708 is divided by 26.
24
Calculate the remainder when 171859 is divided by 93.
88
Calculate the remainder when 325921 is divided by 17.
14
What is the remainder when 9251 is divided by 103?
84
What is the remainder when 16520 is divided by 5434?
218
Calculate the remainder when 20967 is divided by 513.
447
What is the remainder when 201594 is divided by 10079?
14
Calculate the remainder when 51452 is divided by 804.
800
Calculate the remainder when 35904 is divided by 374.
0
What is the remainder when 2735 is divided by 1315?
105
Calculate the remainder when 17278 is divided by 8447.
384
Calculate the remainder when 93799 is divided by 484.
387
What is the remainder when 522530 is divided by 52253?
0
What is the remainder when 202375 is divided by 12648?
7
Calculate the remainder when 2531839 is divided by 523.
519
Calculate the remainder when 25087 is divided by 164.
159
Calculate the remainder when 49787 is divided by 12446.
3
Calculate the remainder when 1902 is divided by 171.
21
What is the remainder when 4262 is divided by 69?
53
Calculate the remainder when 2237 is divided by 912.
413
Calculate the remainder when 26513 is divided by 6627.
5
What is the remainder when 364308 is divided by 60712?
36
What is the remainder when 5166 is divided by 1914?
1338
What is the remainder when 3881 is divided by 1038?
767
What is the remainder when 2761 is divided by 908?
37
Calculate the remainder when 5843 is divided by 2921.
1
What is the remainder when 39695 is divided by 2086?
61
What is the remainder when 5816735 is divided by 18?
17
Calculate the remainder when 32070 is divided by 236.
210
Calculate the remainder when 218276 is divided by 94.
8
Calculate the remainder when 3442 is divided by 714.
586
What is the remainder when 39382 is divided by 2189?
2169
What is the remainder when 15349 is divided by 530?
509
Calculate the remainder when 2651 is divided by 110.
11
Calculate the remainder when 127869 is divided by 9.
6
What is the remainder when 33966 is divided by 22?
20
Calculate the remainder when 179875 is divided by 44965.
15
What is the remainder when 65120 is divided by 134?
130
Calculate the remainder when 6409 is divided by 3148.
113
Calculate the remainder when 5657716 is divided by 242.
240
What is the remainder when 8221 is divided by 2735?
16
Calculate the remainder when 400374 is divided by 15.
9
What is the remainder when 23871 is divided by 5964?
15
What is the remainder when 68965 is divided by 11492?
13
What is the remainder when 42295 is divided by 180?
175
Calculate the remainder when 22687 is divided by 119.
77
Calculate the remainder when 16223 is divided by 3770.
1143
What is the remainder when 19263 is divided by 1607?
1586
What is the remainder when 122175 is divided by 441?
18
What is the remainder when 13526 is divided by 110?
106
Calculate the remainder when 14945 is divided by 91.
21
Calculate the remainder when 69716 is divided by 35.
31
Calculate the remainder when 103144 is divided by 35.
34
Calculate the remainder when 116061 is divided by 167.
163
Calculate the remainder when 8908 is divided by 2944.
76
What is the remainder when 7255 is divided by 3490?
275
Calculate the remainder when 440 is divided by 138.
26
What is the remainder when 1096 is divided by 506?
84
What is the remainder when 122905 is divided by 578?
369
Calculate the remainder when 960 is divided by 23.
17
What is the remainder when 5723 is divided by 701?
115
Calculate the remainder when 1880279 is divided by 3.
2
What is the remainder when 259695 is divided by 178?
171
Calculate the remainder when 146934 is divided by 56.
46
What is the remainder when 1411 is divided by 208?
163
Calculate the remainder when 2004 is divided by 215.
69
Calculate the remainder when 15695 is divided by 3187.
2947
What is the remainder when 17279549 is divided by 893?
892
What is the remainder when 18084 is divided by 76?
72
What is the remainder when 223096 is divided by 71?
14
Calculate the remainder when 673 is divided by 629.
44
Calculate the remainder when 118391 is divided by 8.
7
Calculate the remainder when 46681 is divided by 4.
1
What is the remainder when 221600 is divided by 236?
232
What is the remainder when 499777 is divided by 249885?
7
Calculate the remainder when 5830 is divided by 179.
102
What is the remainder when 31500 is divided by 125?
0
Calculate the remainder when 729232 is divided by 99.
97
What is the remainder when 5222 is divided by 732?
98
What is the remainder when 141807 is divided by 29?
26
What is the remainder when 6793 is divided by 6778?
15
Calculate the remainder when 113629 is divided by 173.
141
What is the remainder when 2399807 is divided by 87?
86
What is the remainder when 791 is divided by 563?
228
What is the remainder when 6255 is divided by 21?
18
What is the remainder when 36155 is divided by 23?
22
Calculate the remainder when 3365 is divided by 76.
21
What is the remainder when 8222156 is divided by 20?
16
Calculate the remainder when 10378 is divided by 57.
4
What is the remainder when 46141 is divided by 11531?
17
What is the remainder when 7406 is divided by 180?
26
Calculate the remainder when 1184 is divided by 18.
14
What is the remainder when 170078 is divided by 44?
18
What is the remainder when 961398 is divided by 718?
714
What is the remainder when 5641 is divided by 928?
73
Calculate the remainder when 24280 is divided by 13.
9
Calculate the remainder when 70824 is divided by 288.
264
Calculate the remainder when 4385 is divided by 1432.
89
What is the remainder when 3847 is divided by 110?
107
What is the remainder when 20318 is divided by 1849?
1828
Calculate the remainder when 10705 is divided by 1053.
175
Calculate the remainder when 95855 is divided by 334.
331
Calculate the remainder when 20391 is divided by 20387.
4
Calculate the remainder when 138814 is divided by 4.
2
Calculate the remainder when 8978 is divided by 2989.
11
What is the remainder when 24963 is divided by 73?
70
What is the remainder when 1804 is divided by 1682?
122
What is the remainder when 166556 is divided by 177?
176
Calculate the remainder when 14847 is divided by 14824.
23
Calculate the remainder when 1389 is divided by 53.
11
Calculate the remainder when 2583 is divided by 1253.
77
Calculate the remainder when 363 is divided by 254.
109
What is the remainder when 173617 is divided by 9?
7
Calculate the remainder when 1029 is divided by 884.
145
Calculate the remainder when 114226 is divided by 36.
34
Calculate the remainder when 2691 is divided by 276.
207
Calculate the remainder when 27793 is divided by 1166.
975
What is the remainder when 52542 is divided by 183?
21
What is the remainder when 111301 is divided by 1855?
1
What is the remainder when 10119 is divided by 10102?
17
Calculate the remainder when 37732 is divided by 109.
18
What is the remainder when 13994 is divided by 96?
74
What is the remainder when 459013 is divided by 229498?
17
Calculate the remainder when 7281 is divided by 3630.
21
What is the remainder when 405306 is divided by 350?
6
What is the remainder when